f 647.
647
List the prime factors of 415.
5, 83
List the prime factors of 742.
2, 7, 53
What are the prime factors of 7081?
73, 97
What are the prime factors of 16773?
3, 5591
What are the prime factors of 12259?
13, 23, 41
List the prime factors of 1363.
29, 47
What are the prime factors of 1667?
1667
List the prime factors of 1070.
2, 5, 107
What are the prime factors of 1248?
2, 3, 13
List the prime factors of 2329.
17, 137
What are the prime factors of 6729?
3, 2243
List the prime factors of 3010.
2, 5, 7, 43
List the prime factors of 6611.
11, 601
List the prime factors of 4679.
4679
What are the prime factors of 141929?
71, 1999
What are the prime factors of 2238?
2, 3, 373
List the prime factors of 55569.
3, 18523
What are the prime factors of 14222?
2, 13, 547
List the prime factors of 17760.
2, 3, 5, 37
List the prime factors of 1161.
3, 43
List the prime factors of 1928.
2, 241
List the prime factors of 113400.
2, 3, 5, 7
List the prime factors of 3578.
2, 1789
List the prime factors of 1973.
1973
List the prime factors of 24781.
24781
List the prime factors of 2036.
2, 509
What are the prime factors of 47098?
2, 23549
List the prime factors of 11275.
5, 11, 41
What are the prime factors of 7909?
11, 719
What are the prime factors of 493?
17, 29
What are the prime factors of 47316?
2, 3, 3943
List the prime factors of 233.
233
What are the prime factors of 26625?
3, 5, 71
What are the prime factors of 27412?
2, 7, 11, 89
What are the prime factors of 63863?
63863
What are the prime factors of 52465?
5, 7, 1499
List the prime factors of 1005.
3, 5, 67
List the prime factors of 1403.
23, 61
What are the prime factors of 172?
2, 43
What are the prime factors of 21941?
37, 593
What are the prime factors of 66294?
2, 3, 29, 127
List the prime factors of 760.
2, 5, 19
List the prime factors of 32492.
2, 8123
List the prime factors of 81131.
81131
List the prime factors of 1328.
2, 83
What are the prime factors of 1316?
2, 7, 47
List the prime factors of 65020.
2, 5, 3251
What are the prime factors of 15296?
2, 239
What are the prime factors of 31018?
2, 13, 1193
What are the prime factors of 298?
2, 149
What are the prime factors of 346?
2, 173
List the prime factors of 225.
3, 5
List the prime factors of 30523.
131, 233
What are the prime factors of 31627?
31627
What are the prime factors of 394?
2, 197
List the prime factors of 629.
17, 37
What are the prime factors of 60686?
2, 19, 1597
List the prime factors of 5165.
5, 1033
What are the prime factors of 7421?
41, 181
What are the prime factors of 10403?
101, 103
What are the prime factors of 60490?
2, 5, 23, 263
List the prime factors of 941.
941
List the prime factors of 18338.
2, 53, 173
List the prime factors of 13428.
2, 3, 373
What are the prime factors of 865?
5, 173
What are the prime factors of 54431?
13, 53, 79
List the prime factors of 11322.
2, 3, 17, 37
What are the prime factors of 4090?
2, 5, 409
List the prime factors of 32406.
2, 3, 11, 491
List the prime factors of 9506.
2, 7, 97
What are the prime factors of 10057?
89, 113
List the prime factors of 229.
229
List the prime factors of 1211.
7, 173
What are the prime factors of 8810?
2, 5, 881
What are the prime factors of 5861?
5861
What are the prime factors of 19522?
2, 43, 227
What are the prime factors of 35470?
2, 5, 3547
List the prime factors of 9819.
3, 1091
What are the prime factors of 2772?
2, 3, 7, 11
What are the prime factors of 4427?
19, 233
List the prime factors of 954.
2, 3, 53
What are the prime factors of 1302?
2, 3, 7, 31
What are the prime factors of 5327?
7, 761
What are the prime factors of 17667?
3, 13, 151
List the prime factors of 2644.
2, 661
What are the prime factors of 11424?
2, 3, 7, 17
What are the prime factors of 14892?
2, 3, 17, 73
List the prime factors of 26329.
113, 233
What are the prime factors of 692?
2, 173
List the prime factors of 72692.
2, 17, 1069
What are the prime factors of 86113?
86113
List the prime factors of 11831.
11831
List the prime factors of 110806.
2, 17, 3259
What are the prime factors of 4991?
7, 23, 31
List the prime factors of 83364.
2, 3, 6947
What are the prime factors of 1221?
3, 11, 37
What are the prime factors of 808?
2, 101
List the prime factors of 1264.
2, 79
List the prime factors of 3234.
2, 3, 7, 11
What are the prime factors of 23196?
2, 3, 1933
What are the prime factors of 15964?
2, 13, 307
What are the prime factors of 35522?
2, 17761
What are the prime factors of 13715?
5, 13, 211
List the prime factors of 59731.
7, 23, 53
What are the prime factors of 18176?
2, 71
List the prime factors of 422.
2, 211
List the prime factors of 10052.
2, 7, 359
What are the prime factors of 39736?
2, 4967
What are the prime factors of 31918?
2, 15959
What are the prime factors of 16252?
2, 17, 239
What are the prime factors of 8436?
2, 3, 19, 37
What are the prime factors of 6811?
7, 139
What are the prime factors of 5995?
5, 11, 109
List the prime factors of 76798.
2, 19, 43, 47
What are the prime factors of 3315?
3, 5, 13, 17
List the prime factors of 146176.
2, 571
List the prime factors of 692.
2, 173
What are the prime factors of 11127?
3, 3709
List the prime factors of 12584.
2, 11, 13
List the prime factors of 2962.
2, 1481
List the prime factors of 5691.
3, 7, 271
What are the prime factors of 75164?
2, 19, 23, 43
List the prime factors of 112.
2, 7
What are the prime factors of 5125?
5, 41
What are the prime factors of 56665?
5, 7, 1619
What are the prime factors of 813?
3, 271
List the prime factors of 49430.
2, 5, 4943
List the prime factors of 6775.
5, 271
What are the prime factors of 5868?
2, 3, 163
What are the prime factors of 6594?
2, 3, 7, 157
What are the prime factors of 2131?
2131
List the prime factors of 5887.
7, 29
List the prime factors of 4362.
2, 3, 727
List the prime factors of 31475.
5, 1259
List the prime factors of 5016.
2, 3, 11, 19
List the prime factors of 4369.
17, 257
What are the prime factors of 23644?
2, 23, 257
What are the prime factors of 7720?
2, 5, 193
What are the prime factors of 18642?
2, 3, 13, 239
What are the prime factors of 2242?
2, 19, 59
List the prime factors of 19520.
2, 5, 61
List the prime factors of 128800.
2, 5, 7, 23
List the prime factors of 11093.
11093
List the prime factors of 4323.
3, 11, 131
What are the prime factors of 4557?
3, 7, 31
List the prime factors of 1639.
11, 149
List the prime factors of 51991.
51991
List the prime factors of 13983.
3, 59, 79
What are the prime factors of 772?
2, 193
What are the prime factors of 11075?
5, 443
List the prime factors of 967.
967
List the prime factors of 2988.
2, 3, 83
What are the prime factors of 39173?
43, 911
What are the prime factors of 34?
2, 17
List the prime factors of 1037.
17, 61
List the prime factors of 390.
2, 3, 5, 13
List the prime factors of 13851.
3, 19
What are the prime factors of 961?
31
What are the prime factors of 12864?
2, 3, 67
List the prime factors of 41503.
7, 11
List the prime factors of 687.
3, 229
What are the prime factors of 1660?
2, 5, 83
List the prime factors of 6821.
19, 359
What are the prime factors of 891?
3, 11
List the prime factors of 6146.
2, 7, 439
What are the prime factors of 70626?
2, 3, 79, 149
List the prime factors of 74043.
3, 19, 433
List the prime factors of 1422.
2, 3, 79
List the prime factors of 11610.
2, 3, 5, 43
List the prime factors of 88506.
2, 3, 11, 149
What are the prime factors of 6764?
2, 19, 89
What are the prime factors of 1435?
5, 7, 41
What are the prime factors of 15181?
17, 19, 47
List the prime factors of 22671.
3, 11, 229
List the prime factors of 7067.
37, 191
What are the prime factors of 4657?
4657
List the prime factors of 14071.
14071
List the prime factors of 691.
691
What are the prime factors of 40946?
2, 59, 347
List the prime factors of 1126.
2, 563
What are the prime factors of 793?
13, 61
What are the prime factors of 6489?
3, 7, 103
List the prime factors of 13476.
2, 3, 1123
What are the prime factors of 15611?
67, 233
List the prime factors of 61574.
2, 17, 1811
What are the prime factors of 91691?
91691
List the prime factors of 5836.
2, 1459
List the prime factors of 1005.
3, 5, 67
List the prime factors of 7107.
3, 23, 103
What are the prime factor